3126 is divided by l.
6
Suppose 5*d - 3*s - 92 = 0, -53 - 19 = -5*d - 2*s. Suppose -320 + 120 = -10*a. What is the remainder when a/70 + (-3245)/(-35) is divided by d?
13
Let v = -7761 + 8262. Calculate the remainder when v is divided by 118.
29
Suppose 8 = -3*g - 7, 3*r = -4*g - 14. Suppose -86 = -4*o + r*p, -15*o + 10*o = -3*p - 108. Calculate the remainder when o is divided by 13.
8
Let o = -52 - -51. What is the remainder when 88 is divided by (-68)/(-2) - (2 + o - 1)?
20
Let g be (-2)/(-6) - (-560)/210. Suppose -30*d = -25*d + g*q - 217, 0 = 3*d + 3*q - 135. What is the remainder when 244 is divided by d?
39
Suppose 4*y - 5*f = 15, 2*f + 3 + 3 = -4*y. Let b(o) = 2*o**2 + 2*o + 36. What is the remainder when b(y) is divided by (-84)/(-105) - (-96)/10*2?
16
Let k = -2348 + 3695. Calculate the remainder when k is divided by 23.
13
Let p = -116 + 147. Suppose -36*n + p*n + 5 = 0. Calculate the remainder when (-785)/(-20) - n/4 - 2 is divided by 11.
4
Suppose 10 = 2*x - 2*v, 0 = -3*x + 3*v + 2*v + 17. Suppose -4*n = -x - 60. What is the remainder when n is divided by 5?
1
Suppose -7092*d + 4*h = -7094*d + 1998, 0 = -3*d - h + 2977. What is the remainder when d is divided by 202?
183
Let v = -97 + 103. Suppose -126 = -v*t + 24. Calculate the remainder when 58 is divided by t.
8
Let y(q) = -5*q**2 - 17 - 8*q + 25*q + 4*q**2. Suppose 5*b = -7*c + 10*c + 46, 3*b - 5*c - 18 = 0. Calculate the remainder when y(b) is divided by 13.
10
Let w = 265 + -261. Suppose -4*c - 3*g - 87 = -243, c - 58 = w*g. Suppose -h = -0*h - 22. What is the remainder when c is divided by h?
20
Let k(f) = 18*f**2 - 2. Let x be k(3). Suppose 2*c = x + 94. Let o(v) = 5*v + 7. Calculate the remainder when c is divided by o(5).
31
Let j(l) = -l**3 + 10*l**2 + 25*l + 40. What is the remainder when j(12) is divided by 14?
10
Suppose 57*h = 59*h + 264. Let x = -131 - h. Suppose -i + x = -5*a, -73 = -i - 2*i + a. Calculate the remainder when 91 is divided by i.
13
Let d = -237 + 240. Suppose -2*p + 426 = d*y, y - 133 + 5 = 4*p. What is the remainder when y is divided by 9?
5
Let t(p) = p**3 + p**2 + 4300*p - 21525. Let m = 17 + 7. What is the remainder when t(5) is divided by m?
5
Suppose -15*w = 9*w - 11496 + 4032. Calculate the remainder when 934 is divided by w.
1
Let m = 11 + -76. Let n = m + 74. Let x(f) = -9*f - 12. Calculate the remainder when x(-8) is divided by n.
6
Suppose -3*w = 60 - 72. Suppose w*p + 20 = 272. Suppose -108*n + p = -105*n. What is the remainder when 79 is divided by n?
16
Let s(m) = -4*m + 27. Let i be s(6). Calculate the remainder when 530 is divided by (14 + -8 - i) + 56.
58
Let k(r) = -8*r + 24. Let m(s) = -1. Let i be (-3)/6*(3 - 1). Let h(t) = i*k(t) + 5*m(t). Calculate the remainder when h(12) is divided by 17.
16
Suppose 4*x - 55*h + 52*h = 412, 5*x - 5*h = 520. Calculate the remainder when 2598 is divided by x.
98
Let u = 29159 - 24346. What is the remainder when u is divided by 1598?
19
Let d = -4759 - -5068. Calculate the remainder when d is divided by 157.
152
Suppose -9*m = 2*m - 55. Suppose -m*z + 3*s + 2*s + 40 = 0, 14 = 3*z - s. Suppose -z*b + 41 = 14. Calculate the remainder when 62 is divided by b.
8
Let x = 40 + -15. Let v(r) = r**2 + 22*r + 444. Calculate the remainder when v(-10) is divided by x.
24
Suppose -5*b = -378 + 96 - 278. Calculate the remainder when 780 is divided by b.
108
Suppose -9*v + 562 + 11894 = 0. Calculate the remainder when 198 is divided by 4/7 - v/(-28).
48
Let z = 16 - -16. Suppose -2*w = 6*w - z. Suppose w*d = 2 + 14, -2*d - 102 = -5*l. Calculate the remainder when l is divided by 6.
4
Suppose 6*j = 72 - 72. Suppose 2*q + 5*v - 40 = j, 38 = 3*q - q + 4*v. What is the remainder when q is divided by 8/(-1 + 3) - 0?
3
Let i(f) = -6*f - 63. Let r be i(-13). Suppose -r*j = -12*j - 9. Let k = 30 - 19. Calculate the remainder when k is divided by j.
2
Let r be (-990)/(-75) + 2/(-10). Suppose r*s + 1 = 92. What is the remainder when s is divided by 3?
1
Let i = 0 - -106. Let c = 72786 + -72762. What is the remainder when i is divided by c?
10
Let t(w) = -4*w**2 + 3*w + 1. Let n be t(-1). Let g be 10/(3/n - 0). Let c(i) = -i**2 - 22*i + 17. What is the remainder when c(g) is divided by 15?
12
Suppose 3*i - 24 = 0, 2*d - 361 = -5*i + 883. What is the remainder when d is divided by 246?
110
Let g(v) = v**2 - 8*v + 14. Let p be g(6). Suppose q - 32 = p*o, -2*q - 28*o + 26*o = -64. Calculate the remainder when 118 is divided by q.
22
Let l(n) = -2*n + 39. Calculate the remainder when (1 + 8/(-6))*(-12 - 489) is divided by l(9).
20
Let x = -30783 + 30795. Calculate the remainder when 323 is divided by x.
11
Let p(r) = -120*r - 2. Suppose 0 = 5*n - 8 + 13. Let u(g) = 4*g. Calculate the remainder when p(n) is divided by u(6).
22
Suppose -5*s + 14 = -1. Suppose 6 = -c - s*b, 2*c - 6*c - 2*b = -6. Let f(v) = v**2 + v + 1. What is the remainder when 35 is divided by f(c)?
9
Let k(r) = 26*r**2 - 3147*r - 53. Calculate the remainder when k(123) is divided by 61.
59
Let k be -3 + (-6)/8*-4 + 0. Suppose 26*w - 117 = 13*w. Calculate the remainder when w - (2 - 1*(k - -3)) is divided by 4.
2
Let n = -452 + 672. Calculate the remainder when n/8 - (-15)/(-10) is divided by 17.
9
Suppose -6*i = -12*i + 72. Suppose i*l = 10*l - 16. What is the remainder when (2/l)/((-2)/216) is divided by 15?
12
Let j(a) = 2*a**3 + 23*a**2 + 2*a - 45. Calculate the remainder when 231 is divided by j(-11).
15
Let y = -4598 + 5410. What is the remainder when y is divided by 39?
32
Let f(g) = 2*g**2 + 23*g + 22. Let h be f(-11). Suppose -298 = h*r - 1332. Calculate the remainder when r is divided by 24.
22
Let h(s) = -2*s**2 + 11*s + 7. Let f be h(7). Calculate the remainder when (35334/819)/(4/f*-1) is divided by 39.
34
Suppose -5*v + 25 = 0, 4*v = 3*j + 8*v - 983. Calculate the remainder when j is divided by (-936)/(-65) + (-6)/15.
13
Let g = 67 - 37. Let v(d) = 14*d + 19*d**2 + 16*d**2 - 29*d**2 + 6*d. What is the remainder when g is divided by v(-4)?
14
Suppose -2*w + 5*u = -301, 0 = -6*w + 5*w + 4*u + 152. Suppose -4*l = 76 - w. Suppose -15*v = -l*v + 147. Calculate the remainder when v is divided by 13.
10
Let h be 7/((-42)/(-12)) + -6. Let o(t) = -3*t + 7 - 2*t - 2*t + 6*t. What is the remainder when 18 is divided by o(h)?
7
Suppose -293*n = -288*n - 350. Suppose 5*c = -5*q + n, -2*c + 4*q + 13 = -15. What is the remainder when 51 is divided by c?
9
Let m(r) = -2*r**2 + 20*r + 9. Let w be m(10). Suppose w*v = 62 - 17. What is the remainder when 26 is divided by v?
1
Let o(r) = r**3 + 6*r**2 + r + 1. Let s = 7123 + -7020. Calculate the remainder when s is divided by o(-5).
19
Let y be 27 - (3 + (-1 - 5)) - 2. Suppose -4 = -4*w + w + 2*q, 4*w + 4*q = -y. Calculate the remainder when ((-28)/16 + w)/((-6)/200) is divided by 42.
41
Let m = -5707 - -5807. What is the remainder when m is divided by 60?
40
Let k = 55 + -73. What is the remainder when 2*8/128 + (-446)/(-16) is divided by (-6)/k*(-96)/(-2)?
12
Suppose -5*l = -3*k - 30, -35 = -4*l + 4*k - 3. Suppose 18*n - 20*n = -l*r + 209, -197 = -3*r - n. Calculate the remainder when 263 is divided by r.
62
Suppose -3*z - p = -62 + 4, -2*z + p + 42 = 0. What is the remainder when 56 is divided by (32/z)/(-1 - 108/(-100))?
16
What is the remainder when ((14/(-21))/2)/(1/(-1839)) is divided by 33?
19
Suppose 2*m + 5*g = 36, 48 = 4*m + 2*g - 24. What is the remainder when 607 is divided by m?
13
Let b = -84 + 498. Let d = 447 - b. What is the remainder when d is divided by 8?
1
Let i be (-4)/30 - (1672/15)/(-11). Let t(c) = -c**3 + 10*c**2 + 2*c - 10. Let y be t(i). Calculate the remainder when 141 is divided by (8/y)/(6/135).
15
Let a = -13580 + 13597. What is the remainder when 134 is divided by a?
15
Let y = 5360 - 4720. What is the remainder when y is divided by 38?
32
Let g = 1239 + -1058. Suppose 2*j + 4*m - 2 = 2, 5*j + 2*m = 10. Suppose -d = -j*d + 46. What is the remainder when g is divided by d?
43
Suppose -4*z = 5*y + 37 - 179, 2*z = -2*y + 58. Suppose 26 = 4*b - y. Let v(s) = -4*s**2 - 11*s + 6. Calculate the remainder when b is divided by v(-3).
1
Let r = 671 + -689. What is the remainder when 1/2 - 29/(-2) is divided by r/(-14)*196/42?
3
Let q be 6*60/(-48)*(-16)/(-12). Suppose -5*t + 41 - 141 